f 2895 and 23910?
15
Calculate the highest common factor of 14167 and 72206.
457
Calculate the greatest common divisor of 658 and 2898.
14
Calculate the greatest common divisor of 10 and 4300935.
5
What is the highest common factor of 58652 and 308?
44
Calculate the greatest common factor of 58 and 940992.
58
Calculate the highest common divisor of 2142 and 2958.
102
Calculate the greatest common factor of 45360 and 1776.
48
Calculate the highest common factor of 6720 and 14720.
320
What is the greatest common factor of 1033414 and 2922?
974
What is the highest common factor of 186160 and 240?
80
What is the greatest common divisor of 4 and 13751?
1
What is the greatest common factor of 389256 and 1032?
24
Calculate the greatest common divisor of 86 and 92149.
43
What is the greatest common factor of 7740 and 166840?
860
Calculate the highest common factor of 4261 and 69.
1
Calculate the highest common divisor of 3758 and 6897809.
1879
What is the highest common divisor of 1440 and 1692?
36
Calculate the greatest common divisor of 46 and 123004.
46
Calculate the greatest common factor of 729 and 2362446.
243
What is the highest common divisor of 13 and 20137?
13
What is the greatest common factor of 108 and 19692?
36
What is the highest common divisor of 14564 and 78116?
1324
What is the highest common factor of 91657 and 31564?
607
Calculate the highest common factor of 84 and 4474218.
42
What is the greatest common factor of 25330 and 1530?
170
Calculate the highest common factor of 13710 and 80.
10
What is the highest common divisor of 719469 and 27?
27
Calculate the highest common factor of 65299 and 39.
13
What is the greatest common divisor of 375007 and 1?
1
What is the highest common factor of 60544 and 1088?
64
What is the greatest common factor of 1516 and 51923?
379
Calculate the greatest common factor of 3 and 12237.
3
Calculate the highest common divisor of 262914 and 870.
174
What is the greatest common factor of 507 and 207324?
39
Calculate the highest common divisor of 159175 and 10.
5
Calculate the highest common divisor of 12 and 950.
2
Calculate the greatest common factor of 3341249 and 269.
269
What is the greatest common factor of 67118 and 148?
74
Calculate the greatest common factor of 1352032 and 2208.
736
Calculate the greatest common divisor of 1174 and 975007.
587
Calculate the highest common factor of 221 and 2093.
13
What is the highest common factor of 745 and 40?
5
What is the greatest common divisor of 18 and 2024?
2
What is the greatest common divisor of 6 and 166029?
3
Calculate the greatest common factor of 1352 and 60056.
8
What is the greatest common factor of 1281720 and 1320?
1320
Calculate the greatest common factor of 6947800 and 200.
200
Calculate the highest common factor of 144 and 18416.
16
Calculate the highest common divisor of 362 and 140275.
181
What is the greatest common divisor of 2211 and 7161?
33
What is the highest common divisor of 19712 and 1024?
256
What is the greatest common divisor of 2 and 2462?
2
Calculate the greatest common factor of 1166 and 11978.
106
Calculate the greatest common factor of 9900 and 176400.
900
Calculate the greatest common divisor of 261 and 3494703.
87
Calculate the greatest common factor of 8024 and 1496.
136
What is the greatest common divisor of 42756 and 18?
6
What is the highest common divisor of 3059076 and 228?
228
Calculate the greatest common factor of 7111 and 65.
13
What is the highest common factor of 6 and 35832?
6
Calculate the greatest common factor of 10340 and 2136244.
2068
What is the greatest common factor of 40688 and 194?
2
What is the highest common factor of 2613 and 996357?
201
Calculate the greatest common divisor of 875 and 4011525.
175
What is the greatest common factor of 11715 and 1491?
213
What is the greatest common factor of 1 and 32911?
1
What is the greatest common divisor of 14970 and 150?
30
What is the highest common divisor of 1609491 and 78?
39
Calculate the highest common factor of 135 and 50409.
27
Calculate the greatest common divisor of 36 and 896004.
36
Calculate the greatest common factor of 1 and 82828.
1
Calculate the highest common factor of 2984 and 27975.
373
What is the greatest common factor of 165668 and 1079?
83
What is the highest common divisor of 146 and 207101?
73
Calculate the highest common divisor of 248 and 1352.
8
What is the greatest common divisor of 576 and 2862?
18
Calculate the highest common divisor of 263410 and 140.
70
Calculate the highest common divisor of 100480 and 7936.
128
Calculate the greatest common divisor of 843 and 128.
1
Calculate the highest common factor of 15 and 23505.
15
What is the greatest common divisor of 36186 and 962?
74
What is the greatest common factor of 256 and 25184?
32
Calculate the greatest common divisor of 1333 and 37109.
43
What is the greatest common divisor of 23 and 5030905?
23
Calculate the greatest common divisor of 6 and 772714.
2
Calculate the greatest common factor of 198 and 682.
22
What is the greatest common factor of 76769 and 231?
77
What is the highest common divisor of 1498 and 15408?
214
Calculate the highest common divisor of 94358 and 66.
22
What is the highest common divisor of 1138836 and 12?
12
What is the greatest common factor of 334 and 132598?
334
Calculate the greatest common divisor of 9842 and 28196.
266
What is the greatest common factor of 68552 and 220?
44
What is the greatest common factor of 102 and 1012?
2
What is the greatest common divisor of 29 and 60001?
29
What is the greatest common factor of 27186 and 3743?
197
Calculate the highest common factor of 1239469 and 539.
77
Calculate the highest common divisor of 14941 and 2010.
67
Calculate the highest common divisor of 126 and 179334.
18
Calculate the greatest common divisor of 289770 and 117.
39
What is the highest common divisor of 13 and 376324?
13
What is the greatest common factor of 2 and 9518?
2
Calculate the highest common factor of 18837 and 195.
39
What is the highest common factor of 10 and 1184?
2
What is the highest common factor of 1744 and 40657?
109
What is the highest common divisor of 82768 and 1582?
14
Calculate the greatest common factor of 104 and 89264.
8
What is the highest common factor of 5660109 and 126?
63
Calculate the greatest common factor of 384 and 4988288.
128
What is the highest common divisor of 1801657 and 3784?
473
What is the highest common divisor of 26464 and 448?
32
Calculate the highest common divisor of 43 and 215688.
43
What is the greatest common divisor of 79184 and 606?
202
Calculate the greatest common divisor of 2376 and 139458.
66
What is the greatest common factor of 940 and 300424?
188
What is the highest common divisor of 16036 and 10982?
38
Calculate the highest common factor of 1436315 and 166.
83
What is the greatest common divisor of 54769 and 87707?
383
Calculate the highest common factor of 517 and 2915.
11
What is the greatest common divisor of 709989 and 126?
21
Calculate the highest common divisor of 5463 and 23121.
9
What is the greatest common divisor of 107559 and 666?
333
What is the greatest common divisor of 121316 and 39?
13
What is the greatest common divisor of 5253 and 11373?
51
What is the highest common divisor of 1703191 and 49?
49
What is the highest common factor of 84 and 4404?
12
What is the highest common divisor of 3030 and 27320?
10
Calculate the greatest common divisor of 182135 and 365.
365
Calculate the highest common factor of 1836 and 11232.
108
What is the greatest common divisor of 225 and 37775?
25
What is the greatest common divisor of 1163547 and 9?
9
Calculate the highest common divisor of 937305 and 265.
265
What is the greatest common factor of 26028 and 594?
54
What is the greatest common factor of 13249 and 4?
1
Calculate the greatest common divisor of 25 and 190345.
5
Calculate the greatest common divisor of 10 and 3642400.
10
Calculate the highest common divisor of 72810 and 270.
90
Calculate the highest common divisor of 59 and 7260009.
59
What is the highest common divisor of 116 and 227128?
116
What is the greatest common divisor of 217 and 992?
31
Calculate the highest common factor of 419451 and 759.
69
What is the highest common factor of 1355 and 20?
5
What i